{"id":25067,"date":"2023-05-03T13:52:01","date_gmt":"2023-05-03T11:52:01","guid":{"rendered":"https:\/\/www.laudinella.ch\/?post_type=ajde_events&#038;p=25067"},"modified":"2023-05-04T12:29:24","modified_gmt":"2023-05-04T10:29:24","slug":"open-doors-engadin-2023","status":"publish","type":"ajde_events","link":"https:\/\/www.laudinella.ch\/en\/events\/open-doors-engadin-2023\/","title":{"rendered":"Open Doors Engadine 2023"},"content":{"rendered":"<p>The great Engadine architectural experience is entering the second round. Walk in! Open Doors Engadin opens its doors on June 24th and 25th, 2023 under the motto &quot;Architecture for everyone&quot; and provides insights into over 80 selected buildings from various eras. An opportunity for all visitors to rediscover the Engadin. All guided tours in the buildings and outside areas are free of charge.<\/p>\n\n\n\n<p><a href=\"https:\/\/opendoors-engadin.org\/\" target=\"_blank\" rel=\"noreferrer noopener\">Website Open Doors Engadin 2023<\/a><\/p>","protected":false},"author":13,"featured_media":0,"menu_order":0,"comment_status":"closed","ping_status":"closed","template":"","meta":[],"tags":[334],"event_type":[43],"event_type_2":[],"class_list":["post-25067","ajde_events","type-ajde_events","status-publish","hentry","tag-vortrag","event_location-ueber-80-ausgesuchte-bauten-im-engadin-und-bergell","event_type-veranstaltung"],"yoast_head":"<!-- This site is optimized with the Yoast SEO plugin v27.5 - https:\/\/yoast.com\/product\/yoast-seo-wordpress\/ -->\n<title>Open Doors Engadin 2023 - Laudinella Group St. Moritz<\/title>\n<meta name=\"description\" content=\"Open Doors Engadin 2023 Architektur f\u00fcr alle Einblicke in \u00fcber 80 ausgesuchte Bauten F\u00fchrungen\" \/>\n<meta name=\"robots\" content=\"index, follow, max-snippet:-1, max-image-preview:large, max-video-preview:-1\" \/>\n<link rel=\"canonical\" href=\"https:\/\/www.laudinella.ch\/en\/events\/open-doors-engadin-2023\/\" \/>\n<meta property=\"og:locale\" content=\"en_GB\" \/>\n<meta property=\"og:type\" content=\"article\" \/>\n<meta property=\"og:title\" content=\"Open Doors Engadin 2023 - Laudinella Group St. Moritz\" \/>\n<meta property=\"og:description\" content=\"Open Doors Engadin 2023 Architektur f\u00fcr alle Einblicke in \u00fcber 80 ausgesuchte Bauten F\u00fchrungen\" \/>\n<meta property=\"og:url\" content=\"https:\/\/www.laudinella.ch\/en\/events\/open-doors-engadin-2023\/\" \/>\n<meta property=\"og:site_name\" content=\"Laudinella Group St. Moritz\" \/>\n<meta property=\"article:modified_time\" content=\"2023-05-04T10:29:24+00:00\" \/>\n<meta property=\"og:image\" content=\"https:\/\/www.laudinella.ch\/wp-content\/uploads\/2023\/05\/20230624-Open-Doos-2023_Suvretta-House_Foto-1_\u00a9-Hotel-Suvretta-House-St.-Moritz_1920x1280.jpg\" \/>\n\t<meta property=\"og:image:width\" content=\"709\" \/>\n\t<meta property=\"og:image:height\" content=\"472\" \/>\n\t<meta property=\"og:image:type\" content=\"image\/jpeg\" \/>\n<meta name=\"twitter:card\" content=\"summary_large_image\" \/>\n<script type=\"application\/ld+json\" class=\"yoast-schema-graph\">{\"@context\":\"https:\\\/\\\/schema.org\",\"@graph\":[{\"@type\":\"NewsArticle\",\"@id\":\"https:\\\/\\\/www.laudinella.ch\\\/events\\\/open-doors-engadin-2023\\\/#article\",\"isPartOf\":{\"@id\":\"https:\\\/\\\/www.laudinella.ch\\\/events\\\/open-doors-engadin-2023\\\/\"},\"author\":{\"name\":\"Ladina Jann\",\"@id\":\"https:\\\/\\\/www.laudinella.ch\\\/en\\\/#\\\/schema\\\/person\\\/974bfc02d2372a78f406fcbf5bf2e823\"},\"headline\":\"Open Doors Engadin 2023\",\"datePublished\":\"2023-05-03T11:52:01+00:00\",\"dateModified\":\"2023-05-04T10:29:24+00:00\",\"mainEntityOfPage\":{\"@id\":\"https:\\\/\\\/www.laudinella.ch\\\/events\\\/open-doors-engadin-2023\\\/\"},\"wordCount\":71,\"publisher\":{\"@id\":\"https:\\\/\\\/www.laudinella.ch\\\/en\\\/#organization\"},\"keywords\":[\"Vortrag\"],\"inLanguage\":\"en-GB\"},{\"@type\":[\"WebPage\",\"ItemPage\"],\"@id\":\"https:\\\/\\\/www.laudinella.ch\\\/events\\\/open-doors-engadin-2023\\\/\",\"url\":\"https:\\\/\\\/www.laudinella.ch\\\/events\\\/open-doors-engadin-2023\\\/\",\"name\":\"Open Doors Engadin 2023 - Laudinella Group St. Moritz\",\"isPartOf\":{\"@id\":\"https:\\\/\\\/www.laudinella.ch\\\/en\\\/#website\"},\"datePublished\":\"2023-05-03T11:52:01+00:00\",\"dateModified\":\"2023-05-04T10:29:24+00:00\",\"description\":\"Open Doors Engadin 2023 Architektur f\u00fcr alle Einblicke in \u00fcber 80 ausgesuchte Bauten F\u00fchrungen\",\"breadcrumb\":{\"@id\":\"https:\\\/\\\/www.laudinella.ch\\\/events\\\/open-doors-engadin-2023\\\/#breadcrumb\"},\"inLanguage\":\"en-GB\",\"potentialAction\":[{\"@type\":\"ReadAction\",\"target\":[\"https:\\\/\\\/www.laudinella.ch\\\/events\\\/open-doors-engadin-2023\\\/\"]}]},{\"@type\":\"BreadcrumbList\",\"@id\":\"https:\\\/\\\/www.laudinella.ch\\\/events\\\/open-doors-engadin-2023\\\/#breadcrumb\",\"itemListElement\":[{\"@type\":\"ListItem\",\"position\":1,\"name\":\"Startseite\",\"item\":\"https:\\\/\\\/www.laudinella.ch\\\/\"},{\"@type\":\"ListItem\",\"position\":2,\"name\":\"Events\",\"item\":\"https:\\\/\\\/www.laudinella.ch\\\/events\\\/\"},{\"@type\":\"ListItem\",\"position\":3,\"name\":\"\u00dcber 80 ausgesuchte Bauten im Engadin und Bergell\",\"item\":\"https:\\\/\\\/www.laudinella.ch\\\/event-location\\\/ueber-80-ausgesuchte-bauten-im-engadin-und-bergell\\\/\"},{\"@type\":\"ListItem\",\"position\":4,\"name\":\"Open Doors Engadin 2023\"}]},{\"@type\":\"WebSite\",\"@id\":\"https:\\\/\\\/www.laudinella.ch\\\/en\\\/#website\",\"url\":\"https:\\\/\\\/www.laudinella.ch\\\/en\\\/\",\"name\":\"Laudinella St. Moritz\",\"description\":\"Sport, Kultur, Kulinarik, Kongresse, Kurse und Natur erleben.\",\"publisher\":{\"@id\":\"https:\\\/\\\/www.laudinella.ch\\\/en\\\/#organization\"},\"potentialAction\":[{\"@type\":\"SearchAction\",\"target\":{\"@type\":\"EntryPoint\",\"urlTemplate\":\"https:\\\/\\\/www.laudinella.ch\\\/en\\\/?s={search_term_string}\"},\"query-input\":{\"@type\":\"PropertyValueSpecification\",\"valueRequired\":true,\"valueName\":\"search_term_string\"}}],\"inLanguage\":\"en-GB\"},{\"@type\":\"Organization\",\"@id\":\"https:\\\/\\\/www.laudinella.ch\\\/en\\\/#organization\",\"name\":\"Laudinella St. Moritz\",\"url\":\"https:\\\/\\\/www.laudinella.ch\\\/en\\\/\",\"logo\":{\"@type\":\"ImageObject\",\"inLanguage\":\"en-GB\",\"@id\":\"https:\\\/\\\/www.laudinella.ch\\\/en\\\/#\\\/schema\\\/logo\\\/image\\\/\",\"url\":\"https:\\\/\\\/www.laudinella.ch\\\/wp-content\\\/uploads\\\/2021\\\/10\\\/laudinella_hotel-group_fav-icon.png\",\"contentUrl\":\"https:\\\/\\\/www.laudinella.ch\\\/wp-content\\\/uploads\\\/2021\\\/10\\\/laudinella_hotel-group_fav-icon.png\",\"width\":512,\"height\":512,\"caption\":\"Laudinella St. Moritz\"},\"image\":{\"@id\":\"https:\\\/\\\/www.laudinella.ch\\\/en\\\/#\\\/schema\\\/logo\\\/image\\\/\"}},{\"@type\":\"Person\",\"@id\":\"https:\\\/\\\/www.laudinella.ch\\\/en\\\/#\\\/schema\\\/person\\\/974bfc02d2372a78f406fcbf5bf2e823\",\"name\":\"Ladina Jann\",\"image\":{\"@type\":\"ImageObject\",\"inLanguage\":\"en-GB\",\"@id\":\"https:\\\/\\\/secure.gravatar.com\\\/avatar\\\/0c6dc7b7dc959552dfb25512e20eaa710e2dcb74a596c983ffdd63df42a50913?s=96&d=mm&r=g\",\"url\":\"https:\\\/\\\/secure.gravatar.com\\\/avatar\\\/0c6dc7b7dc959552dfb25512e20eaa710e2dcb74a596c983ffdd63df42a50913?s=96&d=mm&r=g\",\"contentUrl\":\"https:\\\/\\\/secure.gravatar.com\\\/avatar\\\/0c6dc7b7dc959552dfb25512e20eaa710e2dcb74a596c983ffdd63df42a50913?s=96&d=mm&r=g\",\"caption\":\"Ladina Jann\"},\"sameAs\":[\"https:\\\/\\\/x.com\\\/nhanslin\"]}]}<\/script>\n<!-- \/ Yoast SEO plugin. -->","yoast_head_json":{"title":"Open Doors Engadin 2023 - Laudinella Group St. Moritz","description":"Open Doors Engadin 2023 Architecture for everyone Insights into over 80 selected buildings Guided tours","robots":{"index":"index","follow":"follow","max-snippet":"max-snippet:-1","max-image-preview":"max-image-preview:large","max-video-preview":"max-video-preview:-1"},"canonical":"https:\/\/www.laudinella.ch\/en\/events\/open-doors-engadin-2023\/","og_locale":"en_GB","og_type":"article","og_title":"Open Doors Engadin 2023 - Laudinella Group St. Moritz","og_description":"Open Doors Engadin 2023 Architektur f\u00fcr alle Einblicke in \u00fcber 80 ausgesuchte Bauten F\u00fchrungen","og_url":"https:\/\/www.laudinella.ch\/en\/events\/open-doors-engadin-2023\/","og_site_name":"Laudinella Group St. Moritz","article_modified_time":"2023-05-04T10:29:24+00:00","og_image":[{"width":709,"height":472,"url":"https:\/\/www.laudinella.ch\/wp-content\/uploads\/2023\/05\/20230624-Open-Doos-2023_Suvretta-House_Foto-1_\u00a9-Hotel-Suvretta-House-St.-Moritz_1920x1280.jpg","type":"image\/jpeg"}],"twitter_card":"summary_large_image","schema":{"@context":"https:\/\/schema.org","@graph":[{"@type":"NewsArticle","@id":"https:\/\/www.laudinella.ch\/events\/open-doors-engadin-2023\/#article","isPartOf":{"@id":"https:\/\/www.laudinella.ch\/events\/open-doors-engadin-2023\/"},"author":{"name":"Ladina Jann","@id":"https:\/\/www.laudinella.ch\/en\/#\/schema\/person\/974bfc02d2372a78f406fcbf5bf2e823"},"headline":"Open Doors Engadin 2023","datePublished":"2023-05-03T11:52:01+00:00","dateModified":"2023-05-04T10:29:24+00:00","mainEntityOfPage":{"@id":"https:\/\/www.laudinella.ch\/events\/open-doors-engadin-2023\/"},"wordCount":71,"publisher":{"@id":"https:\/\/www.laudinella.ch\/en\/#organization"},"keywords":["Vortrag"],"inLanguage":"en-GB"},{"@type":["WebPage","ItemPage"],"@id":"https:\/\/www.laudinella.ch\/events\/open-doors-engadin-2023\/","url":"https:\/\/www.laudinella.ch\/events\/open-doors-engadin-2023\/","name":"Open Doors Engadin 2023 - Laudinella Group St. Moritz","isPartOf":{"@id":"https:\/\/www.laudinella.ch\/en\/#website"},"datePublished":"2023-05-03T11:52:01+00:00","dateModified":"2023-05-04T10:29:24+00:00","description":"Open Doors Engadin 2023 Architecture for everyone Insights into over 80 selected buildings Guided tours","breadcrumb":{"@id":"https:\/\/www.laudinella.ch\/events\/open-doors-engadin-2023\/#breadcrumb"},"inLanguage":"en-GB","potentialAction":[{"@type":"ReadAction","target":["https:\/\/www.laudinella.ch\/events\/open-doors-engadin-2023\/"]}]},{"@type":"BreadcrumbList","@id":"https:\/\/www.laudinella.ch\/events\/open-doors-engadin-2023\/#breadcrumb","itemListElement":[{"@type":"ListItem","position":1,"name":"Startseite","item":"https:\/\/www.laudinella.ch\/"},{"@type":"ListItem","position":2,"name":"Events","item":"https:\/\/www.laudinella.ch\/events\/"},{"@type":"ListItem","position":3,"name":"\u00dcber 80 ausgesuchte Bauten im Engadin und Bergell","item":"https:\/\/www.laudinella.ch\/event-location\/ueber-80-ausgesuchte-bauten-im-engadin-und-bergell\/"},{"@type":"ListItem","position":4,"name":"Open Doors Engadin 2023"}]},{"@type":"WebSite","@id":"https:\/\/www.laudinella.ch\/en\/#website","url":"https:\/\/www.laudinella.ch\/en\/","name":"Laudinella St. Moritz","description":"Experience sport, culture, cuisine, congresses, courses and nature.","publisher":{"@id":"https:\/\/www.laudinella.ch\/en\/#organization"},"potentialAction":[{"@type":"SearchAction","target":{"@type":"EntryPoint","urlTemplate":"https:\/\/www.laudinella.ch\/en\/?s={search_term_string}"},"query-input":{"@type":"PropertyValueSpecification","valueRequired":true,"valueName":"search_term_string"}}],"inLanguage":"en-GB"},{"@type":"Organization","@id":"https:\/\/www.laudinella.ch\/en\/#organization","name":"Laudinella St. Moritz","url":"https:\/\/www.laudinella.ch\/en\/","logo":{"@type":"ImageObject","inLanguage":"en-GB","@id":"https:\/\/www.laudinella.ch\/en\/#\/schema\/logo\/image\/","url":"https:\/\/www.laudinella.ch\/wp-content\/uploads\/2021\/10\/laudinella_hotel-group_fav-icon.png","contentUrl":"https:\/\/www.laudinella.ch\/wp-content\/uploads\/2021\/10\/laudinella_hotel-group_fav-icon.png","width":512,"height":512,"caption":"Laudinella St. Moritz"},"image":{"@id":"https:\/\/www.laudinella.ch\/en\/#\/schema\/logo\/image\/"}},{"@type":"Person","@id":"https:\/\/www.laudinella.ch\/en\/#\/schema\/person\/974bfc02d2372a78f406fcbf5bf2e823","name":"Ladina Jann","image":{"@type":"ImageObject","inLanguage":"en-GB","@id":"https:\/\/secure.gravatar.com\/avatar\/0c6dc7b7dc959552dfb25512e20eaa710e2dcb74a596c983ffdd63df42a50913?s=96&d=mm&r=g","url":"https:\/\/secure.gravatar.com\/avatar\/0c6dc7b7dc959552dfb25512e20eaa710e2dcb74a596c983ffdd63df42a50913?s=96&d=mm&r=g","contentUrl":"https:\/\/secure.gravatar.com\/avatar\/0c6dc7b7dc959552dfb25512e20eaa710e2dcb74a596c983ffdd63df42a50913?s=96&d=mm&r=g","caption":"Ladina Jann"},"sameAs":["https:\/\/x.com\/nhanslin"]}]}},"_links":{"self":[{"href":"https:\/\/www.laudinella.ch\/en\/wp-json\/wp\/v2\/ajde_events\/25067","targetHints":{"allow":["GET"]}}],"collection":[{"href":"https:\/\/www.laudinella.ch\/en\/wp-json\/wp\/v2\/ajde_events"}],"about":[{"href":"https:\/\/www.laudinella.ch\/en\/wp-json\/wp\/v2\/types\/ajde_events"}],"author":[{"embeddable":true,"href":"https:\/\/www.laudinella.ch\/en\/wp-json\/wp\/v2\/users\/13"}],"replies":[{"embeddable":true,"href":"https:\/\/www.laudinella.ch\/en\/wp-json\/wp\/v2\/comments?post=25067"}],"wp:attachment":[{"href":"https:\/\/www.laudinella.ch\/en\/wp-json\/wp\/v2\/media?parent=25067"}],"wp:term":[{"taxonomy":"post_tag","embeddable":true,"href":"https:\/\/www.laudinella.ch\/en\/wp-json\/wp\/v2\/tags?post=25067"},{"taxonomy":"event_type","embeddable":true,"href":"https:\/\/www.laudinella.ch\/en\/wp-json\/wp\/v2\/event_type?post=25067"},{"taxonomy":"event_type_2","embeddable":true,"href":"https:\/\/www.laudinella.ch\/en\/wp-json\/wp\/v2\/event_type_2?post=25067"}],"curies":[{"name":"wp","href":"https:\/\/api.w.org\/{rel}","templated":true}]}}

<!-- This site is optimized with the Yoast SEO plugin v27.5 - https://yoast.com/product/yoast-seo-wordpress/ -->
<title>Open Doors Engadin 2023 - Laudinella Group St. Moritz</title>
<meta name="description" content="Open Doors Engadin 2023 Architektur für alle Einblicke in über 80 ausgesuchte Bauten Führungen" />
<meta name="robots" content="index, follow, max-snippet:-1, max-image-preview:large, max-video-preview:-1" />
<link rel="canonical" href="https://www.laudinella.ch/en/events/open-doors-engadin-2023/" />
<meta property="og:locale" content="en_GB" />
<meta property="og:type" content="article" />
<meta property="og:title" content="Open Doors Engadin 2023 - Laudinella Group St. Moritz" />
<meta property="og:description" content="Open Doors Engadin 2023 Architektur für alle Einblicke in über 80 ausgesuchte Bauten Führungen" />
<meta property="og:url" content="https://www.laudinella.ch/en/events/open-doors-engadin-2023/" />
<meta property="og:site_name" content="Laudinella Group St. Moritz" />
<meta property="article:modified_time" content="2023-05-04T10:29:24+00:00" />
<meta property="og:image" content="https://www.laudinella.ch/wp-content/uploads/2023/05/20230624-Open-Doos-2023_Suvretta-House_Foto-1_©-Hotel-Suvretta-House-St.-Moritz_1920x1280.jpg" />
	<meta property="og:image:width" content="709" />
	<meta property="og:image:height" content="472" />
	<meta property="og:image:type" content="image/jpeg" />
<meta name="twitter:card" content="summary_large_image" />
<script type="application/ld+json" class="yoast-schema-graph">{"@context":"https:\/\/schema.org","@graph":[{"@type":"NewsArticle","@id":"https:\/\/www.laudinella.ch\/events\/open-doors-engadin-2023\/#article","isPartOf":{"@id":"https:\/\/www.laudinella.ch\/events\/open-doors-engadin-2023\/"},"author":{"name":"Ladina Jann","@id":"https:\/\/www.laudinella.ch\/en\/#\/schema\/person\/974bfc02d2372a78f406fcbf5bf2e823"},"headline":"Open Doors Engadin 2023","datePublished":"2023-05-03T11:52:01+00:00","dateModified":"2023-05-04T10:29:24+00:00","mainEntityOfPage":{"@id":"https:\/\/www.laudinella.ch\/events\/open-doors-engadin-2023\/"},"wordCount":71,"publisher":{"@id":"https:\/\/www.laudinella.ch\/en\/#organization"},"keywords":["Vortrag"],"inLanguage":"en-GB"},{"@type":["WebPage","ItemPage"],"@id":"https:\/\/www.laudinella.ch\/events\/open-doors-engadin-2023\/","url":"https:\/\/www.laudinella.ch\/events\/open-doors-engadin-2023\/","name":"Open Doors Engadin 2023 - Laudinella Group St. Moritz","isPartOf":{"@id":"https:\/\/www.laudinella.ch\/en\/#website"},"datePublished":"2023-05-03T11:52:01+00:00","dateModified":"2023-05-04T10:29:24+00:00","description":"Open Doors Engadin 2023 Architektur für alle Einblicke in über 80 ausgesuchte Bauten Führungen","breadcrumb":{"@id":"https:\/\/www.laudinella.ch\/events\/open-doors-engadin-2023\/#breadcrumb"},"inLanguage":"en-GB","potentialAction":[{"@type":"ReadAction","target":["https:\/\/www.laudinella.ch\/events\/open-doors-engadin-2023\/"]}]},{"@type":"BreadcrumbList","@id":"https:\/\/www.laudinella.ch\/events\/open-doors-engadin-2023\/#breadcrumb","itemListElement":[{"@type":"ListItem","position":1,"name":"Startseite","item":"https:\/\/www.laudinella.ch\/"},{"@type":"ListItem","position":2,"name":"Events","item":"https:\/\/www.laudinella.ch\/events\/"},{"@type":"ListItem","position":3,"name":"Über 80 ausgesuchte Bauten im Engadin und Bergell","item":"https:\/\/www.laudinella.ch\/event-location\/ueber-80-ausgesuchte-bauten-im-engadin-und-bergell\/"},{"@type":"ListItem","position":4,"name":"Open Doors Engadin 2023"}]},{"@type":"WebSite","@id":"https:\/\/www.laudinella.ch\/en\/#website","url":"https:\/\/www.laudinella.ch\/en\/","name":"Laudinella St. Moritz","description":"Sport, Kultur, Kulinarik, Kongresse, Kurse und Natur erleben.","publisher":{"@id":"https:\/\/www.laudinella.ch\/en\/#organization"},"potentialAction":[{"@type":"SearchAction","target":{"@type":"EntryPoint","urlTemplate":"https:\/\/www.laudinella.ch\/en\/?s={search_term_string}"},"query-input":{"@type":"PropertyValueSpecification","valueRequired":true,"valueName":"search_term_string"}}],"inLanguage":"en-GB"},{"@type":"Organization","@id":"https:\/\/www.laudinella.ch\/en\/#organization","name":"Laudinella St. Moritz","url":"https:\/\/www.laudinella.ch\/en\/","logo":{"@type":"ImageObject","inLanguage":"en-GB","@id":"https:\/\/www.laudinella.ch\/en\/#\/schema\/logo\/image\/","url":"https:\/\/www.laudinella.ch\/wp-content\/uploads\/2021\/10\/laudinella_hotel-group_fav-icon.png","contentUrl":"https:\/\/www.laudinella.ch\/wp-content\/uploads\/2021\/10\/laudinella_hotel-group_fav-icon.png","width":512,"height":512,"caption":"Laudinella St. Moritz"},"image":{"@id":"https:\/\/www.laudinella.ch\/en\/#\/schema\/logo\/image\/"}},{"@type":"Person","@id":"https:\/\/www.laudinella.ch\/en\/#\/schema\/person\/974bfc02d2372a78f406fcbf5bf2e823","name":"Ladina Jann","image":{"@type":"ImageObject","inLanguage":"en-GB","@id":"https:\/\/secure.gravatar.com\/avatar\/0c6dc7b7dc959552dfb25512e20eaa710e2dcb74a596c983ffdd63df42a50913?s=96&d=mm&r=g","url":"https:\/\/secure.gravatar.com\/avatar\/0c6dc7b7dc959552dfb25512e20eaa710e2dcb74a596c983ffdd63df42a50913?s=96&d=mm&r=g","contentUrl":"https:\/\/secure.gravatar.com\/avatar\/0c6dc7b7dc959552dfb25512e20eaa710e2dcb74a596c983ffdd63df42a50913?s=96&d=mm&r=g","caption":"Ladina Jann"},"sameAs":["https:\/\/x.com\/nhanslin"]}]}</script>
<!-- / Yoast SEO plugin. -->

Open Doors Engadin 2023 Architektur für alle Einblicke in über 80 ausgesuchte Bauten Führungen

Über 80 ausgesuchte Bauten im Engadin und Bergell
