{"id":10139,"date":"2020-07-17T19:35:33","date_gmt":"2020-07-17T17:35:33","guid":{"rendered":"https:\/\/www.laudinella.ch\/events\/personal-coaching-fotografie\/"},"modified":"2022-02-16T17:10:29","modified_gmt":"2022-02-16T15:10:29","slug":"personal-coaching-photography","status":"publish","type":"ajde_events","link":"https:\/\/www.laudinella.ch\/en\/events\/personal-coaching-fotografie\/","title":{"rendered":"Personal coaching photography"},"content":{"rendered":"<p>In individual coaching and workshops, Ulrich Oberst will accompany you on your very personal path to photography. In addition to current offers, the course instructor will be happy to tailor the training to your individual requirements or wishes. Start now in a new world of technology and perception!<strong><br \/>\n<\/strong><\/p>\n<p><strong>Course leader <\/strong>The photo designer Ulrich Oberst has been self-employed for 30 years and has been a lecturer in photography at numerous adult education centers in the Rhine-Neckar metropolitan region since 2014. He has been a freelancer for Leica Camera AG since 2008 as a consultant, promoter and workshop leader. He completed his studies in 1990 at the State School for Photography in Munich.<\/p>\n<p>The participants of his courses give enthusiastic feedback about his work. They report on the ease with which he conveys his well-founded knowledge, as well as on his enthusiasm and his warm personality.<\/p>\n<p><a href=\"https:\/\/www.laudinella.ch\/wp-content\/uploads\/2020\/07\/fotocoach_ulrich-oberst_flyer.pdf\" target=\"_blank\" rel=\"noopener noreferrer\">flyers<\/a><\/p>\n<p><strong>Registration: <\/strong>workshops@oberst-fotodesign.de, T +49 (0)171 5 135 185<\/p>","protected":false},"author":12,"featured_media":0,"menu_order":0,"comment_status":"closed","ping_status":"closed","template":"","meta":[],"tags":[],"event_type":[37],"event_type_2":[],"class_list":["post-10139","ajde_events","type-ajde_events","status-publish","hentry","event_location-hotel-laudinella","event_type-workshop"],"yoast_head":"<!-- This site is optimized with the Yoast SEO plugin v27.5 - https:\/\/yoast.com\/product\/yoast-seo-wordpress\/ -->\n<title>Personal Coaching Fotografie - Laudinella Group St. Moritz<\/title>\n<meta name=\"robots\" content=\"index, follow, max-snippet:-1, max-image-preview:large, max-video-preview:-1\" \/>\n<link rel=\"canonical\" href=\"https:\/\/www.laudinella.ch\/en\/events\/personal-coaching-photography\/\" \/>\n<meta property=\"og:locale\" content=\"en_GB\" \/>\n<meta property=\"og:type\" content=\"article\" \/>\n<meta property=\"og:title\" content=\"Personal Coaching Fotografie - Laudinella Group St. Moritz\" \/>\n<meta property=\"og:description\" content=\"In Einzelcoachings und Workshops begleite Ulrich Oberst Sie auf Ihrem ganz pers\u00f6nlichen Weg zur Fotografie. Neben aktuellen Angeboten richtet der Kursleiter die Trainings gerne auf Ihre individuellen Anspr\u00fcche oder W\u00fcnsche aus. Starte Sie jetzt in eine neue Welt der Technik und der Wahrnehmung! Kursleitung Der seit 30 Jahren selbst\u00e4ndige Fotodesigner [...]\" \/>\n<meta property=\"og:url\" content=\"https:\/\/www.laudinella.ch\/en\/events\/personal-coaching-photography\/\" \/>\n<meta property=\"og:site_name\" content=\"Laudinella Group St. Moritz\" \/>\n<meta property=\"article:modified_time\" content=\"2022-02-16T15:10:29+00:00\" \/>\n<meta property=\"og:image\" content=\"https:\/\/www.laudinella.ch\/wp-content\/uploads\/2018\/12\/ulrich_oberst_mit_leica-q_web2.jpg\" \/>\n\t<meta property=\"og:image:width\" content=\"1920\" \/>\n\t<meta property=\"og:image:height\" content=\"1185\" \/>\n\t<meta property=\"og:image:type\" content=\"image\/jpeg\" \/>\n<meta name=\"twitter:card\" content=\"summary_large_image\" \/>\n<script type=\"application\/ld+json\" class=\"yoast-schema-graph\">{\"@context\":\"https:\\\/\\\/schema.org\",\"@graph\":[{\"@type\":\"NewsArticle\",\"@id\":\"https:\\\/\\\/www.laudinella.ch\\\/events\\\/personal-coaching-fotografie\\\/#article\",\"isPartOf\":{\"@id\":\"https:\\\/\\\/www.laudinella.ch\\\/events\\\/personal-coaching-fotografie\\\/\"},\"author\":{\"name\":\"Nathalie Hanslin\",\"@id\":\"https:\\\/\\\/www.laudinella.ch\\\/en\\\/#\\\/schema\\\/person\\\/8569af0b77879b92e2025ff32181c929\"},\"headline\":\"Personal Coaching Fotografie\",\"datePublished\":\"2020-07-17T17:35:33+00:00\",\"dateModified\":\"2022-02-16T15:10:29+00:00\",\"mainEntityOfPage\":{\"@id\":\"https:\\\/\\\/www.laudinella.ch\\\/events\\\/personal-coaching-fotografie\\\/\"},\"wordCount\":137,\"publisher\":{\"@id\":\"https:\\\/\\\/www.laudinella.ch\\\/en\\\/#organization\"},\"inLanguage\":\"en-GB\"},{\"@type\":[\"WebPage\",\"ItemPage\"],\"@id\":\"https:\\\/\\\/www.laudinella.ch\\\/events\\\/personal-coaching-fotografie\\\/\",\"url\":\"https:\\\/\\\/www.laudinella.ch\\\/events\\\/personal-coaching-fotografie\\\/\",\"name\":\"Personal Coaching Fotografie - Laudinella Group St. Moritz\",\"isPartOf\":{\"@id\":\"https:\\\/\\\/www.laudinella.ch\\\/en\\\/#website\"},\"datePublished\":\"2020-07-17T17:35:33+00:00\",\"dateModified\":\"2022-02-16T15:10:29+00:00\",\"breadcrumb\":{\"@id\":\"https:\\\/\\\/www.laudinella.ch\\\/events\\\/personal-coaching-fotografie\\\/#breadcrumb\"},\"inLanguage\":\"en-GB\",\"potentialAction\":[{\"@type\":\"ReadAction\",\"target\":[\"https:\\\/\\\/www.laudinella.ch\\\/events\\\/personal-coaching-fotografie\\\/\"]}]},{\"@type\":\"BreadcrumbList\",\"@id\":\"https:\\\/\\\/www.laudinella.ch\\\/events\\\/personal-coaching-fotografie\\\/#breadcrumb\",\"itemListElement\":[{\"@type\":\"ListItem\",\"position\":1,\"name\":\"Startseite\",\"item\":\"https:\\\/\\\/www.laudinella.ch\\\/\"},{\"@type\":\"ListItem\",\"position\":2,\"name\":\"Events\",\"item\":\"https:\\\/\\\/www.laudinella.ch\\\/events\\\/\"},{\"@type\":\"ListItem\",\"position\":3,\"name\":\"Hotel Laudinella\",\"item\":\"https:\\\/\\\/www.laudinella.ch\\\/event-location\\\/hotel-laudinella\\\/\"},{\"@type\":\"ListItem\",\"position\":4,\"name\":\"Personal Coaching Fotografie\"}]},{\"@type\":\"WebSite\",\"@id\":\"https:\\\/\\\/www.laudinella.ch\\\/en\\\/#website\",\"url\":\"https:\\\/\\\/www.laudinella.ch\\\/en\\\/\",\"name\":\"Laudinella St. Moritz\",\"description\":\"Sport, Kultur, Kulinarik, Kongresse, Kurse und Natur erleben.\",\"publisher\":{\"@id\":\"https:\\\/\\\/www.laudinella.ch\\\/en\\\/#organization\"},\"potentialAction\":[{\"@type\":\"SearchAction\",\"target\":{\"@type\":\"EntryPoint\",\"urlTemplate\":\"https:\\\/\\\/www.laudinella.ch\\\/en\\\/?s={search_term_string}\"},\"query-input\":{\"@type\":\"PropertyValueSpecification\",\"valueRequired\":true,\"valueName\":\"search_term_string\"}}],\"inLanguage\":\"en-GB\"},{\"@type\":\"Organization\",\"@id\":\"https:\\\/\\\/www.laudinella.ch\\\/en\\\/#organization\",\"name\":\"Laudinella St. Moritz\",\"url\":\"https:\\\/\\\/www.laudinella.ch\\\/en\\\/\",\"logo\":{\"@type\":\"ImageObject\",\"inLanguage\":\"en-GB\",\"@id\":\"https:\\\/\\\/www.laudinella.ch\\\/en\\\/#\\\/schema\\\/logo\\\/image\\\/\",\"url\":\"https:\\\/\\\/www.laudinella.ch\\\/wp-content\\\/uploads\\\/2021\\\/10\\\/laudinella_hotel-group_fav-icon.png\",\"contentUrl\":\"https:\\\/\\\/www.laudinella.ch\\\/wp-content\\\/uploads\\\/2021\\\/10\\\/laudinella_hotel-group_fav-icon.png\",\"width\":512,\"height\":512,\"caption\":\"Laudinella St. Moritz\"},\"image\":{\"@id\":\"https:\\\/\\\/www.laudinella.ch\\\/en\\\/#\\\/schema\\\/logo\\\/image\\\/\"}},{\"@type\":\"Person\",\"@id\":\"https:\\\/\\\/www.laudinella.ch\\\/en\\\/#\\\/schema\\\/person\\\/8569af0b77879b92e2025ff32181c929\",\"name\":\"Nathalie Hanslin\",\"image\":{\"@type\":\"ImageObject\",\"inLanguage\":\"en-GB\",\"@id\":\"https:\\\/\\\/secure.gravatar.com\\\/avatar\\\/026026d755167daa4175498d7a4c71ef1bcfad3a454c2fd3f70377f51a6b80bd?s=96&d=mm&r=g\",\"url\":\"https:\\\/\\\/secure.gravatar.com\\\/avatar\\\/026026d755167daa4175498d7a4c71ef1bcfad3a454c2fd3f70377f51a6b80bd?s=96&d=mm&r=g\",\"contentUrl\":\"https:\\\/\\\/secure.gravatar.com\\\/avatar\\\/026026d755167daa4175498d7a4c71ef1bcfad3a454c2fd3f70377f51a6b80bd?s=96&d=mm&r=g\",\"caption\":\"Nathalie Hanslin\"}}]}<\/script>\n<!-- \/ Yoast SEO plugin. -->","yoast_head_json":{"title":"Personal Coaching Photography - Laudinella Group St. Moritz","robots":{"index":"index","follow":"follow","max-snippet":"max-snippet:-1","max-image-preview":"max-image-preview:large","max-video-preview":"max-video-preview:-1"},"canonical":"https:\/\/www.laudinella.ch\/en\/events\/personal-coaching-photography\/","og_locale":"en_GB","og_type":"article","og_title":"Personal Coaching Fotografie - Laudinella Group St. Moritz","og_description":"In Einzelcoachings und Workshops begleite Ulrich Oberst Sie auf Ihrem ganz pers\u00f6nlichen Weg zur Fotografie. Neben aktuellen Angeboten richtet der Kursleiter die Trainings gerne auf Ihre individuellen Anspr\u00fcche oder W\u00fcnsche aus. Starte Sie jetzt in eine neue Welt der Technik und der Wahrnehmung! Kursleitung Der seit 30 Jahren selbst\u00e4ndige Fotodesigner [...]","og_url":"https:\/\/www.laudinella.ch\/en\/events\/personal-coaching-photography\/","og_site_name":"Laudinella Group St. Moritz","article_modified_time":"2022-02-16T15:10:29+00:00","og_image":[{"width":1920,"height":1185,"url":"https:\/\/www.laudinella.ch\/wp-content\/uploads\/2018\/12\/ulrich_oberst_mit_leica-q_web2.jpg","type":"image\/jpeg"}],"twitter_card":"summary_large_image","schema":{"@context":"https:\/\/schema.org","@graph":[{"@type":"NewsArticle","@id":"https:\/\/www.laudinella.ch\/events\/personal-coaching-fotografie\/#article","isPartOf":{"@id":"https:\/\/www.laudinella.ch\/events\/personal-coaching-fotografie\/"},"author":{"name":"Nathalie Hanslin","@id":"https:\/\/www.laudinella.ch\/en\/#\/schema\/person\/8569af0b77879b92e2025ff32181c929"},"headline":"Personal Coaching Fotografie","datePublished":"2020-07-17T17:35:33+00:00","dateModified":"2022-02-16T15:10:29+00:00","mainEntityOfPage":{"@id":"https:\/\/www.laudinella.ch\/events\/personal-coaching-fotografie\/"},"wordCount":137,"publisher":{"@id":"https:\/\/www.laudinella.ch\/en\/#organization"},"inLanguage":"en-GB"},{"@type":["WebPage","ItemPage"],"@id":"https:\/\/www.laudinella.ch\/events\/personal-coaching-fotografie\/","url":"https:\/\/www.laudinella.ch\/events\/personal-coaching-fotografie\/","name":"Personal Coaching Photography - Laudinella Group St. Moritz","isPartOf":{"@id":"https:\/\/www.laudinella.ch\/en\/#website"},"datePublished":"2020-07-17T17:35:33+00:00","dateModified":"2022-02-16T15:10:29+00:00","breadcrumb":{"@id":"https:\/\/www.laudinella.ch\/events\/personal-coaching-fotografie\/#breadcrumb"},"inLanguage":"en-GB","potentialAction":[{"@type":"ReadAction","target":["https:\/\/www.laudinella.ch\/events\/personal-coaching-fotografie\/"]}]},{"@type":"BreadcrumbList","@id":"https:\/\/www.laudinella.ch\/events\/personal-coaching-fotografie\/#breadcrumb","itemListElement":[{"@type":"ListItem","position":1,"name":"Startseite","item":"https:\/\/www.laudinella.ch\/"},{"@type":"ListItem","position":2,"name":"Events","item":"https:\/\/www.laudinella.ch\/events\/"},{"@type":"ListItem","position":3,"name":"Hotel Laudinella","item":"https:\/\/www.laudinella.ch\/event-location\/hotel-laudinella\/"},{"@type":"ListItem","position":4,"name":"Personal Coaching Fotografie"}]},{"@type":"WebSite","@id":"https:\/\/www.laudinella.ch\/en\/#website","url":"https:\/\/www.laudinella.ch\/en\/","name":"Laudinella St. Moritz","description":"Experience sport, culture, cuisine, congresses, courses and nature.","publisher":{"@id":"https:\/\/www.laudinella.ch\/en\/#organization"},"potentialAction":[{"@type":"SearchAction","target":{"@type":"EntryPoint","urlTemplate":"https:\/\/www.laudinella.ch\/en\/?s={search_term_string}"},"query-input":{"@type":"PropertyValueSpecification","valueRequired":true,"valueName":"search_term_string"}}],"inLanguage":"en-GB"},{"@type":"Organization","@id":"https:\/\/www.laudinella.ch\/en\/#organization","name":"Laudinella St. Moritz","url":"https:\/\/www.laudinella.ch\/en\/","logo":{"@type":"ImageObject","inLanguage":"en-GB","@id":"https:\/\/www.laudinella.ch\/en\/#\/schema\/logo\/image\/","url":"https:\/\/www.laudinella.ch\/wp-content\/uploads\/2021\/10\/laudinella_hotel-group_fav-icon.png","contentUrl":"https:\/\/www.laudinella.ch\/wp-content\/uploads\/2021\/10\/laudinella_hotel-group_fav-icon.png","width":512,"height":512,"caption":"Laudinella St. Moritz"},"image":{"@id":"https:\/\/www.laudinella.ch\/en\/#\/schema\/logo\/image\/"}},{"@type":"Person","@id":"https:\/\/www.laudinella.ch\/en\/#\/schema\/person\/8569af0b77879b92e2025ff32181c929","name":"Nathalie Hanslin","image":{"@type":"ImageObject","inLanguage":"en-GB","@id":"https:\/\/secure.gravatar.com\/avatar\/026026d755167daa4175498d7a4c71ef1bcfad3a454c2fd3f70377f51a6b80bd?s=96&d=mm&r=g","url":"https:\/\/secure.gravatar.com\/avatar\/026026d755167daa4175498d7a4c71ef1bcfad3a454c2fd3f70377f51a6b80bd?s=96&d=mm&r=g","contentUrl":"https:\/\/secure.gravatar.com\/avatar\/026026d755167daa4175498d7a4c71ef1bcfad3a454c2fd3f70377f51a6b80bd?s=96&d=mm&r=g","caption":"Nathalie Hanslin"}}]}},"_links":{"self":[{"href":"https:\/\/www.laudinella.ch\/en\/wp-json\/wp\/v2\/ajde_events\/10139","targetHints":{"allow":["GET"]}}],"collection":[{"href":"https:\/\/www.laudinella.ch\/en\/wp-json\/wp\/v2\/ajde_events"}],"about":[{"href":"https:\/\/www.laudinella.ch\/en\/wp-json\/wp\/v2\/types\/ajde_events"}],"author":[{"embeddable":true,"href":"https:\/\/www.laudinella.ch\/en\/wp-json\/wp\/v2\/users\/12"}],"replies":[{"embeddable":true,"href":"https:\/\/www.laudinella.ch\/en\/wp-json\/wp\/v2\/comments?post=10139"}],"wp:attachment":[{"href":"https:\/\/www.laudinella.ch\/en\/wp-json\/wp\/v2\/media?parent=10139"}],"wp:term":[{"taxonomy":"post_tag","embeddable":true,"href":"https:\/\/www.laudinella.ch\/en\/wp-json\/wp\/v2\/tags?post=10139"},{"taxonomy":"event_type","embeddable":true,"href":"https:\/\/www.laudinella.ch\/en\/wp-json\/wp\/v2\/event_type?post=10139"},{"taxonomy":"event_type_2","embeddable":true,"href":"https:\/\/www.laudinella.ch\/en\/wp-json\/wp\/v2\/event_type_2?post=10139"}],"curies":[{"name":"wp","href":"https:\/\/api.w.org\/{rel}","templated":true}]}}

<!-- This site is optimized with the Yoast SEO plugin v27.5 - https://yoast.com/product/yoast-seo-wordpress/ -->
<title>Personal Coaching Fotografie - Laudinella Group St. Moritz</title>
<meta name="robots" content="index, follow, max-snippet:-1, max-image-preview:large, max-video-preview:-1" />
<link rel="canonical" href="https://www.laudinella.ch/en/events/personal-coaching-photography/" />
<meta property="og:locale" content="en_GB" />
<meta property="og:type" content="article" />
<meta property="og:title" content="Personal Coaching Fotografie - Laudinella Group St. Moritz" />
<meta property="og:description" content="In Einzelcoachings und Workshops begleite Ulrich Oberst Sie auf Ihrem ganz persönlichen Weg zur Fotografie. Neben aktuellen Angeboten richtet der Kursleiter die Trainings gerne auf Ihre individuellen Ansprüche oder Wünsche aus. Starte Sie jetzt in eine neue Welt der Technik und der Wahrnehmung! Kursleitung Der seit 30 Jahren selbständige Fotodesigner [...]" />
<meta property="og:url" content="https://www.laudinella.ch/en/events/personal-coaching-photography/" />
<meta property="og:site_name" content="Laudinella Group St. Moritz" />
<meta property="article:modified_time" content="2022-02-16T15:10:29+00:00" />
<meta property="og:image" content="https://www.laudinella.ch/wp-content/uploads/2018/12/ulrich_oberst_mit_leica-q_web2.jpg" />
	<meta property="og:image:width" content="1920" />
	<meta property="og:image:height" content="1185" />
	<meta property="og:image:type" content="image/jpeg" />
<meta name="twitter:card" content="summary_large_image" />
<script type="application/ld+json" class="yoast-schema-graph">{"@context":"https:\/\/schema.org","@graph":[{"@type":"NewsArticle","@id":"https:\/\/www.laudinella.ch\/events\/personal-coaching-fotografie\/#article","isPartOf":{"@id":"https:\/\/www.laudinella.ch\/events\/personal-coaching-fotografie\/"},"author":{"name":"Nathalie Hanslin","@id":"https:\/\/www.laudinella.ch\/en\/#\/schema\/person\/8569af0b77879b92e2025ff32181c929"},"headline":"Personal Coaching Fotografie","datePublished":"2020-07-17T17:35:33+00:00","dateModified":"2022-02-16T15:10:29+00:00","mainEntityOfPage":{"@id":"https:\/\/www.laudinella.ch\/events\/personal-coaching-fotografie\/"},"wordCount":137,"publisher":{"@id":"https:\/\/www.laudinella.ch\/en\/#organization"},"inLanguage":"en-GB"},{"@type":["WebPage","ItemPage"],"@id":"https:\/\/www.laudinella.ch\/events\/personal-coaching-fotografie\/","url":"https:\/\/www.laudinella.ch\/events\/personal-coaching-fotografie\/","name":"Personal Coaching Fotografie - Laudinella Group St. Moritz","isPartOf":{"@id":"https:\/\/www.laudinella.ch\/en\/#website"},"datePublished":"2020-07-17T17:35:33+00:00","dateModified":"2022-02-16T15:10:29+00:00","breadcrumb":{"@id":"https:\/\/www.laudinella.ch\/events\/personal-coaching-fotografie\/#breadcrumb"},"inLanguage":"en-GB","potentialAction":[{"@type":"ReadAction","target":["https:\/\/www.laudinella.ch\/events\/personal-coaching-fotografie\/"]}]},{"@type":"BreadcrumbList","@id":"https:\/\/www.laudinella.ch\/events\/personal-coaching-fotografie\/#breadcrumb","itemListElement":[{"@type":"ListItem","position":1,"name":"Startseite","item":"https:\/\/www.laudinella.ch\/"},{"@type":"ListItem","position":2,"name":"Events","item":"https:\/\/www.laudinella.ch\/events\/"},{"@type":"ListItem","position":3,"name":"Hotel Laudinella","item":"https:\/\/www.laudinella.ch\/event-location\/hotel-laudinella\/"},{"@type":"ListItem","position":4,"name":"Personal Coaching Fotografie"}]},{"@type":"WebSite","@id":"https:\/\/www.laudinella.ch\/en\/#website","url":"https:\/\/www.laudinella.ch\/en\/","name":"Laudinella St. Moritz","description":"Sport, Kultur, Kulinarik, Kongresse, Kurse und Natur erleben.","publisher":{"@id":"https:\/\/www.laudinella.ch\/en\/#organization"},"potentialAction":[{"@type":"SearchAction","target":{"@type":"EntryPoint","urlTemplate":"https:\/\/www.laudinella.ch\/en\/?s={search_term_string}"},"query-input":{"@type":"PropertyValueSpecification","valueRequired":true,"valueName":"search_term_string"}}],"inLanguage":"en-GB"},{"@type":"Organization","@id":"https:\/\/www.laudinella.ch\/en\/#organization","name":"Laudinella St. Moritz","url":"https:\/\/www.laudinella.ch\/en\/","logo":{"@type":"ImageObject","inLanguage":"en-GB","@id":"https:\/\/www.laudinella.ch\/en\/#\/schema\/logo\/image\/","url":"https:\/\/www.laudinella.ch\/wp-content\/uploads\/2021\/10\/laudinella_hotel-group_fav-icon.png","contentUrl":"https:\/\/www.laudinella.ch\/wp-content\/uploads\/2021\/10\/laudinella_hotel-group_fav-icon.png","width":512,"height":512,"caption":"Laudinella St. Moritz"},"image":{"@id":"https:\/\/www.laudinella.ch\/en\/#\/schema\/logo\/image\/"}},{"@type":"Person","@id":"https:\/\/www.laudinella.ch\/en\/#\/schema\/person\/8569af0b77879b92e2025ff32181c929","name":"Nathalie Hanslin","image":{"@type":"ImageObject","inLanguage":"en-GB","@id":"https:\/\/secure.gravatar.com\/avatar\/026026d755167daa4175498d7a4c71ef1bcfad3a454c2fd3f70377f51a6b80bd?s=96&d=mm&r=g","url":"https:\/\/secure.gravatar.com\/avatar\/026026d755167daa4175498d7a4c71ef1bcfad3a454c2fd3f70377f51a6b80bd?s=96&d=mm&r=g","contentUrl":"https:\/\/secure.gravatar.com\/avatar\/026026d755167daa4175498d7a4c71ef1bcfad3a454c2fd3f70377f51a6b80bd?s=96&d=mm&r=g","caption":"Nathalie Hanslin"}}]}</script>
<!-- / Yoast SEO plugin. -->

In Einzelcoachings und Workshops begleite Ulrich Oberst Sie auf Ihrem ganz persönlichen Weg zur Fotografie. Neben aktuellen Angeboten richtet der Kursleiter die Trainings gerne auf Ihre individuellen Ansprüche oder Wünsche aus. Starte Sie jetzt in eine neue Welt der Technik und der Wahrnehmung! Kursleitung Der seit 30 Jahren selbständige Fotodesigner [...]
